36 (base 12) to base 13
5b11
-20 (base 9) to base 6
-30
What is 132b (base 12) in base 14?
b2b
Convert -241040 (base 6) to base 3.
-1001202220
47cb (base 13) to base 15
300d
-22362 (base 9) to base 3
-202102002
Convert -27488 (base 9) to base 15.
-57be
What is -1244 (base 16) in base 9?
-6365
Convert -49a5 (base 11) to base 15.
-1e03
What is 5165 (base 9) in base 2?
111011001001
What is 312 (base 13) in base 16?
20a
What is -201201 (base 3) in base 9?
-651
Convert 100010011100001 (base 2) to base 4.
10103201
-ba5 (base 13) to base 11
-1553
Convert 2154 (base 7) to base 4.
30012
-67 (base 9) to base 10
-61
-703 (base 8) to base 2
-111000011
1a9 (base 16) to base 12
2b5
Convert -8d6 (base 15) to base 8.
-3721
What is -6410 (base 12) in base 14?
-3dc8
What is 21731 (base 8) in base 5?
243202
-3464 (base 7) to base 16
-4f7
What is a968 (base 11) in base 3?
201212001
Convert 3076 (base 10) to base 6.
22124
Convert 8660 (base 10) to base 7.
34151
What is e227 (base 15) in base 8?
135171
-100010100111101 (base 2) to base 7
-102451
What is 341 (base 5) in base 12?
80
-64 (base 11) to base 13
-55
13432 (base 7) to base 5
104044
What is 42277 (base 9) in base 6?
333154
Convert 10200010 (base 3) to base 2.
101001110100
Convert -885 (base 11) to base 5.
-13221
What is 1122010 (base 3) in base 10?
1191
What is 424 (base 7) in base 4?
3112
What is -46355 (base 8) in base 9?
-30011
Convert 123112 (base 4) to base 14.
8d0
Convert -4ca4 (base 13) to base 10.
-10950
What is 4075 (base 12) in base 6?
52225
What is 427 (base 10) in base 9?
524
What is -2037 (base 8) in base 3?
-1110002
What is 355 (base 11) in base 2?
110100111
What is -358 (base 12) in base 11?
-415
What is 100313 (base 4) in base 9?
1428
What is 666 (base 9) in base 2?
1000100010
Convert 6b5 (base 15) to base 16.
5f0
-1751 (base 8) to base 14
-517
Convert -22001 (base 3) to base 16.
-d9
Convert -705 (base 13) to base 8.
-2244
Convert -22632 (base 7) to base 8.
-13255
-3808 (base 9) to base 2
-101100011011
Convert -21031 (base 5) to base 7.
-4025
-415 (base 7) to base 14
-10c
Convert 3033002 (base 5) to base 16.
bfe7
-bc4 (base 13) to base 14
-a43
-300143 (base 7) to base 5
-3104001
Convert -36406 (base 10) to base 2.
-1000111000110110
-2a40 (base 12) to base 6
-34520
-23394 (base 11) to base 13
-12486
What is 49076 (base 10) in base 2?
1011111110110100
1132 (base 11) to base 5
21422
-1050 (base 6) to base 4
-3312
What is a6b (base 14) in base 6?
13303
-16614 (base 8) to base 14
-2a84
Convert 2410144 (base 5) to base 13.
172b3
What is -1010100111110 (base 2) in base 8?
-12476
What is 10111200 (base 3) in base 8?
4774
444310 (base 5) to base 6
200044
17621 (base 8) to base 15
25db
What is 65565 (base 7) in base 9?
24456
Convert 672f (base 16) to base 2.
110011100101111
3105 (base 7) to base 4
100323
Convert -10110111 (base 2) to base 15.
-c3
-11496 (base 13) to base 10
-31557
-2b1 (base 15) to base 9
-754
-3d8 (base 14) to base 5
-11103
Convert -2133301 (base 4) to base 11.
-7756
15553 (base 6) to base 16
a1d
7ed (base 16) to base 3
2210011
Convert -a50c (base 15) to base 12.
-18233
-8724 (base 11) to base 7
-45406
What is 15cb9 (base 14) in base 11?
38073
2021011 (base 3) to base 12
b57
What is 1101010101010110 (base 2) in base 9?
82822
4695 (base 12) to base 15
250e
Convert 1c48d (base 14) to base 8.
215075
Convert 2741 (base 13) to base 6.
42022
Convert -12500 (base 6) to base 10.
-1908
Convert 1305 (base 6) to base 8.
511
-533 (base 14) to base 4
-100001
10001101000 (base 2) to base 11
936
Convert -675 (base 9) to base 7.
-1421
1157 (base 11) to base 8
2752
-1101011010110010 (base 2) to base 16
-d6b2
What is 136501 (base 7) in base 13?
bc92
Convert -2210 (base 6) to base 10.
-510
Convert -134 (base 8) to base 3.
-10102
Convert -552 (base 14) to base 11.
-877
-29c7 (base 14) to base 11
-5642
11332 (base 5) to base 15
3b2
Convert 1aa3 (base 13) to base 11.
3025
What is 3131320 (base 4) in base 9?
21427
Convert 17a0 (base 12) to base 15.
ca6
What is -68291 (base 10) in base 6?
-1244055
Convert 167d (base 16) to base 8.
13175
-10001101000 (base 2) to base 6
-5120
What is -1253 (base 7) in base 2?
-111011111
What is -3506 (base 8) in base 6?
-12342
Convert 51f (base 16) to base 5.
20221
What is 9d7a (base 16) in base 5?
2242224
Convert -1874 (base 9) to base 2.
-10110100100
What is 1926 (base 14) in base 12?
2766
Convert -232665 (base 7) to base 8.
-121564
What is 23152 (base 7) in base 12?
3511
11002 (base 5) to base 4
23300
222201 (base 4) to base 6
20333
What is 874 (base 9) in base 11?
5a0
What is 2481 (base 9) in base 6?
12331
-346 (base 8) to base 13
-149
Convert 1135 (base 7) to base 12.
2aa
Convert -88715 (base 9) to base 4.
-32120111
Convert -2ed (base 16) to base 14.
-3b7
44576 (base 10) to base 5
2411301
-6841 (base 14) to base 15
-555e
-1721 (base 15) to base 5
-124411
What is 8903 (base 12) in base 2?
11101100010011
Convert baf (base 16) to base 8.
5657
What is -179 (base 13) in base 15?
-12e
-2030 (base 6) to base 13
-288
What is -120100111 (base 3) in base 2?
-10101110110111
What is -b50 (base 15) in base 9?
-3443
4052 (base 7) to base 9
1835
Convert 3188 (base 12) to base 2.
1010100111000
Convert 1796 (base 16) to base 12.
35b2
2321 (base 5) to base 6
1320
-137 (base 11) to base 7
-320
5ab8 (base 15) to base 4
10231202
-36555 (base 8) to base 2
-11110101101101
1325 (base 13) to base 11
2067
What is 10112113 (base 4) in base 16?
4597
-381 (base 12) to base 16
-211
Convert 110001001110000 (base 2) to base 11.
17a2a
What is 313202 (base 4) in base 11?
2741
-2340 (base 5) to base 4
-11121
What is -315201 (base 6) in base 11?
-18404
11111111101 (base 2) to base 16
7fd
Convert -100001 (base 3) to base 16.
-f4
Convert c96 (base 13) to base 16.
867
What is 63 (base 15) in base 6?
233
Convert -81f (base 16) to base 12.
-1253
-72ea (base 15) to base 13
-b09b
Convert -155455 (base 7) to base 13.
-11005
143 (base 13) to base 3
22022
What is -11201 (base 3) in base 15?
-87
Convert 3168 (base 16) to base 2.
11000101101000
-57324 (base 8) to base 12
-12070
Convert 1445 (base 6) to base 4.
12011
Convert -113135 (base 8) to base 15.
-b613
3967 (base 12) to base 8
14637
Convert -5b0c (base 14) to base 11.
-10a34
-27a (base 11) to base 13
-1c4
Convert 848 (base 15) to base 8.
3514
142 (base 16) to base 11
273
Convert 1220110 (base 3) to base 13.
82b
What is -48a2 (base 11) in base 13?
-2bb8
Convert -149d (base 14) to base 7.
-13456
87a (base 13) to base 15
66d
-6675 (base 8) to base 11
-2708
Convert 30120 (base 4) to base 12.
560
Convert 22200121 (base 3) to base 8.
14276
-111001010010 (base 2) to base 16
-e52
-1100100000001 (base 2) to base 8
-14401
Convert bed (base 16) to base 2.
101111101101
Convert 111000100100 (base 2) to base 12.
2118
Convert -22 (base 14) to base 11.
-28
What is -121120022 (base 3) in base 8?
-27455
-10101011001011 (base 2) to base 8
-25313
What is -10101000 (base 2) in base 11?
-143
2ab7 (base 15) to base 4
2033110
Convert 1376 (base 13) to base 16.
af1
-1110011100110 (base 2) to base 15
-22d3
b9 (base 14) to base 15
ad
What is -20215 (base 6) in base 12?
-166b
-12000 (base 3) to base 5
-1020
What is -904 (base 16) in base 13?
-1087
-350 (base 7) to base 8
-266
110010110111011 (base 2) to base 3
1022201120
-c8cd (base 15) to base 5
-2324433
Convert -306 (base 13) to base 10.
-513
141400 (base 5) to base 6
43030
Convert -121442 (base 7) to base 10.
-22178
Convert -11213 (base 4) to base 3.
-111022
1642b (base 12) to base 7
161315
What is -58183 (base 11) in base 7?
-500042
What is -11317 (base 8) in base 11?
-3688
Convert 1007 (base 9) to base 10.
736
-552 (base 9) to base 13
-28a
Convert -68382 (base 9) to base 3.
-2022102202
Convert 101100110 (base 2) to base 8.
546
-223223 (base 4) to base 3
-10211112
Convert -11261 (base 7) to base 12.
-1805
Convert -301223 (base 4) to base 11.
-2430
Convert 626 (base 7) to base 10.
314
What is 1325b (base 12) in base 8?
63247
Convert 1acc (base 13) to base 7.
14552
What is -50403 (base 7) in base 4?
-2332230
Convert ec (base 15) to base 10.
222
Convert -2345 (base 6) to base 9.
-702
-17110 (base 9) to base 8
-26752
Convert 1055340 (base 6) to base 3.
2202112220
10220 (base 3) to base 12
89
Convert -6363 (base 9) to base 13.
-2187
-2